*q**2 + 1660*q - 15052. What is k(9)?
-1489
Let c(k) = -1747*k**2 + 26218*k - 34. Calculate c(15).
161
Let g(j) = -1977*j - 274816. Calculate g(-139).
-13
Let y(v) = -4*v**2 - 4068*v - 502864. What is y(-873)?
-16
Let r(n) = 4*n**3 - 139*n**2 + 522*n - 63. Calculate r(29).
-4268
Let v(z) = -524*z**2 + 33*z + 16. Give v(2).
-2014
Let u(p) = p**3 + 27*p**2 + 76*p - 15. Calculate u(-5).
155
Let v(a) = -16321*a - 1403647. Calculate v(-86).
-41
Let r(w) = -258235*w + 258231. Give r(1).
-4
Let v(d) = 17*d**2 + 708*d - 546. Determine v(-43).
443
Let d(b) = 17*b**3 + 303*b**2 - 38*b + 93. Determine d(-18).
-195
Let q(h) = -h**3 - 99*h**2 + 5209*h - 203. Determine q(38).
-89
Let a(x) = -x**3 + 80*x**2 - 726*x - 2252. Calculate a(69).
25
Let j(w) = -34*w**3 - 3*w**2 + 44*w + 248. What is j(-4)?
2200
Let q(d) = 467*d + 70662. What is q(-151)?
145
Let x(q) = 158*q**2 + 96*q - 141. Determine x(1).
113
Let i(k) = -k**3 - 84*k**2 + 1980*k - 435. What is i(19)?
2
Let x(k) = -k**3 + 138*k**2 - 920*k + 445. Give x(131).
52
Let d(r) = -7330*r - 960186. Determine d(-131).
44
Let s(w) = -20*w**2 - 415*w + 86. Calculate s(-25).
-2039
Let d(o) = 25*o**2 - 329*o + 556. Determine d(10).
-234
Let y(m) = -8*m**2 + 4054*m - 16236. Determine y(4).
-148
Let t(z) = 12*z**3 + 53*z**2 + 60*z + 151. What is t(-4)?
-9
Let b(i) = -2*i**3 + 15*i**2 - 160*i + 3189. What is b(12)?
-27
Let a(y) = 264*y - 33597. Determine a(127).
-69
Let r(s) = 8*s**2 + 447*s + 586. What is r(-54)?
-224
Let k(d) = -4*d**2 + 1382*d - 8255. Give k(6).
-107
Let v(k) = -1449418*k + 7247094. Calculate v(5).
4
Let w(j) = j**3 - 56*j**2 + 792*j - 365. Give w(32).
403
Let q(p) = -825*p + 292478. What is q(355)?
-397
Let g(p) = 430*p + 268. What is g(2)?
1128
Let q(x) = -x**3 - 36*x**2 + 840*x + 295. What is q(-52)?
-121
Let z(s) = 2*s**3 - 30*s**2 + 117*s - 421. Determine z(11).
-102
Let h(y) = 2*y**3 + 81*y**2 - 82*y - 4193. Determine h(-40).
687
Let d(v) = -317*v + 48051. Calculate d(148).
1135
Let a(v) = 18*v**3 - 2217*v**2 + 364*v + 589. Calculate a(123).
-26
Let q(h) = -512*h - 43790. What is q(-86)?
242
Let a(y) = -17004*y + 68241. Calculate a(4).
225
Let w(t) = 4627*t + 430318. Determine w(-93).
7
Let i(v) = 3*v**2 + 4913*v - 289779. What is i(57)?
9
Let b(u) = -u**3 + 13*u**2 + 346*u + 111. Determine b(-13).
7
Let a(u) = -u**3 - 13*u**2 - 2296*u - 29866. Calculate a(-13).
-18
Let p(w) = 26935*w - 1131236. Calculate p(42).
34
Let t(g) = -4*g**3 + 276*g**2 - 100. What is t(69)?
-100
Let m(u) = u**3 + 165*u**2 + 326*u + 81757. Give m(-166).
85
Let q(o) = -o**3 + 49*o**2 - 117*o - 2806. What is q(45)?
29
Let g(m) = 6474*m - 51390. Give g(8).
402
Let j(t) = -1702*t - 56108. Give j(-33).
58
Let l(h) = -468*h**3 + 167*h**2 - 153*h - 13. What is l(1)?
-467
Let v(w) = -29*w**2 - 1485*w - 443. What is v(-51)?
-137
Let r(y) = 1458*y**2 - 3071*y + 27. Calculate r(2).
-283
Let z(u) = -u**2 - 938*u - 202052. What is z(-336)?
220
Let n(a) = 15*a**3 + 4*a**2 - 54*a + 193. Calculate n(4).
1001
Let c(t) = -6*t**3 + 8*t**2 + 128*t - 1237. Calculate c(8).
-2773
Let u(h) = -1379*h + 737725. What is u(535)?
-40
Let m(u) = -9102*u + 1119547. What is m(123)?
1
Let v(k) = k**3 + 31*k**2 - 54*k + 435. Determine v(-33).
39
Let x(a) = 6*a**2 + 17821*a - 53479. Determine x(3).
38
Let b(y) = -3*y**3 + 493*y**2 + 256*y + 95279. Give b(166).
-5
Let a(p) = 384*p + 59163. What is a(-152)?
795
Let d(p) = -12412*p - 496203. Give d(-40).
277
Let m(w) = w**3 - 10*w**2 + 10*w + 34. Determine m(10).
134
Let z(p) = 43*p**2 + 136*p + 664. Calculate z(-5).
1059
Let r(q) = q**2 - 771*q - 139211. Determine r(-151).
11
Let h(o) = 53314*o - 693095. Give h(13).
-13
Let u(h) = h**3 - 402*h**2 - 7576*h + 6713. Give u(420).
-7
Let k(y) = y**2 + 45140*y + 135381. Determine k(-3).
-30
Let j(u) = u**3 + 336*u**2 + 4534*u + 361. Give j(-14).
-3
Let n(c) = -2*c**3 - 58*c**2 + 1177*c + 34074. What is n(-29)?
-59
Let q(u) = 4099*u - 90142. What is q(22)?
36
Let k(n) = -9*n**2 + 944*n + 6. What is k(0)?
6
Let z(c) = -c**3 - 1034*c**2 - 3081*c + 24. Calculate z(-3).
-12
Let o(a) = 157*a - 9728. Determine o(58).
-622
Let u(w) = w**3 - 156*w**2 - 2076*w + 17864. Give u(6).
8
Let r(x) = 43*x**3 + 284*x**2 - 143*x - 212. Give r(-7).
-44
Let a(s) = 669*s**3 + 14051*s**2 + 45*s + 84. Calculate a(-21).
21
Let b(w) = -w**3 - 229*w**2 - 80*w + 135127. Calculate b(-226).
-21
Let g(f) = -566*f**2 + 22667*f - 195. Give g(40).
885
Let i(t) = t**2 + 323*t + 3379. Determine i(-11).
-53
Let j(i) = i**3 - 167*i**2 + 552*i - 10056. Give j(164).
-216
Let h(a) = 390*a**2 - 7. Give h(-1).
383
Let x(g) = 23*g**2 + 927*g - 14421. What is x(12)?
15
Let q(o) = -68*o - 990. Calculate q(-37).
1526
Let o(w) = -3*w**3 + 4*w**2 - 3*w + 887. Determine o(0).
887
Let s(l) = 3*l**2 + 289*l - 63. What is s(-95)?
-443
Let v(n) = 1534*n + 492380. What is v(-321)?
-34
Let p(y) = 177*y**2 + 1875*y + 5616. Calculate p(-3).
1584
Let j(t) = t**3 + 736*t**2 - 1934*t - 337995. Give j(-738).
9
Let n(s) = -363*s**2 - 123*s + 423. What is n(3)?
-3213
Let n(h) = -2*h**2 + 24*h + 364. Give n(19).
98
Let v(a) = -4*a**2 + 112*a - 415. Give v(26).
-207
Let v(p) = 234*p - 3754. Determine v(19).
692
Let b(s) = -1386*s + 8700. What is b(6)?
384
Let a(w) = 2373*w + 225414. Give a(-95).
-21
Let y(h) = h**3 - 64*h**2 - 279*h + 24886. Give y(62).
-100
Let t(x) = -4*x**2 - 296*x + 519. Calculate t(-79).
-1061
Let j(c) = c**2 - 50*c - 3147. Calculate j(77).
-1068
Let u(q) = -2*q**3 - 63*q**2 + 9997*q + 310842. What is u(-31)?
-26
Let x(m) = 320*m - 44178. What is x(138)?
-18
Let g(l) = -45*l**3 + 403*l**2 + 310*l - 2673. Give g(9).
-45
Let v(j) = -23*j**3 + 6*j**2 - 11*j - 36. What is v(4)?
-1456
Let t(n) = 68*n**2 - 22031*n - 340. Determine t(324).
-16
Let t(v) = -2*v**2 - 74*v - 462. Calculate t(-6).
-90
Let h(j) = -695*j + 18062. Give h(26).
-8
Let s(j) = -87829*j + 6850655. Calculate s(78).
-7
Let y(s) = -4116*s - 45289. Determine y(-11).
-13
Let n(f) = 4271*f + 375822. Give n(-88).
-26
Let v(p) = 3626*p**3 - 29009*p**2 + 8*p - 5. What is v(8)?
-5
Let k(w) = 6248834*w + 43741835. Determine k(-7).
-3
Let k(w) = 2408*w - 1288. Calculate k(1).
1120
Let p(w) = -63*w**3 + 1007*w**2 + 11*w + 9. Calculate p(16).
-71
Let h(t) = t**2 + 253*t - 3909. Give h(16).
395
Let t(d) = 121*d**2 - 1510*d + 1972. What is t(11)?
3
Let j(z) = -13*z**2 - 256*z + 904. Determine j(-22).
244
Let d(g) = -178380*g + 12308201. Determine d(69).
-19
Let l(q) = q**2 + 7728*q + 1629779. Determine l(-217).
-108
Let b(y) = 225*y - 86624. Determine b(385).
1
Let h(a) = 40*a - 1323. Calculate h(42).
357
Let n(d) = 2*d**3 + 484*d**2 + 1393*d + 103882. Calculate n(-240).
-38
Let p(x) = -8700*x - 165302. Give p(-19).
-2
Let a(u) = 9*u**2 + 11804*u + 595508. What is a(-1259)?
1
Let p(l) = 19810*l + 13134036. What is p(-663)?
6
Let r(v) = -3*v**3 - 1154*v**2 + 377*v - 3146. What is r(-385)?
-66
Let j(m) = -3*m**3 - 5*m**2 + 16*m - 75. Determine j(7).
-1237
Let j(w) = -2*w**2 - 58*w - 840. What is j(-40)?
-1720
Let u(d) = 8*d**2 + 305*d - 1974. Determine u(-53).
4333
Let o(r) = -2*r**2 - 4641*r - 46273. Give o(-10).
-63
Let b(n) = 215*n**2 + 3416*n - 4061. Determine b(-17).
2
Let f(k) = -k**3 - 117*k**2 + 7076*k + 360. Determine f(44).
8
Let s(o) = -o**3 - 33*o**2 + 174*o + 1221. Calculate s(-37).
259
Let w(v) = -957419*v + 46913538. Determine w(49).
7
Let c(k) = -174*k - 57063. Give c(-327).
-165
Let c(y) = 1877431*y + 65710079. What is c(-35)?
-6
Let p(u) = -35518*u - 390731. What is p(-11)?
-33
Let m(l) = l**2 - 434740*l - 2173729. Give m(-5).
-4
Let x(s) = 3*s**3 - 31*s**2 - 398*s + 516. Determine x(17).
-470
Let f(w) = 2*w**2 - 1712*w + 347905. What is f(332)?
-31
Let s(o) = -16*o**2 + 257*o - 33. Give s(9).
984
Let u(x) = 55*x + 5361. Give u(-125).
-1514
Let u(r) = 5*r**2 + 376*r - 3345. What is u(9)?
444
Let v(j) = -j**2 + 92*j + 2563. Determine v(-20).
323
Let b(v) = 188334*v + 3955040. Determine b(-21).
26
Let n(v) = 9*v**2 - 305*v + 917. What is n(3)?
83
Let f(k) = 59*k - 2025. Calculate f(37).
158
Let l(d) = -64*d + 1374. Calculate l(15).
414
Let h(g) = 1326*g + 80878. Calculate h(-61).
-8
Let y(u) = -989927*u - 52466137. What is y(-53)?
-6
Let f(u) = -22*u**3 - 5*u**2 + 29*u - 4. Determine f(6).
-4762
Let l(d) = 105*d - 1904. What is l(-22)?